{"id":439,"date":"2022-02-27T17:28:52","date_gmt":"2022-02-27T16:28:52","guid":{"rendered":"http:\/\/www2.slot-lions-abstatt.de\/wordpress\/?page_id=439"},"modified":"2023-03-21T17:34:37","modified_gmt":"2023-03-21T16:34:37","slug":"corona-update-back-on-track","status":"publish","type":"page","link":"http:\/\/www2.slot-lions-abstatt.de\/wordpress\/?page_id=439","title":{"rendered":"Back on Track!"},"content":{"rendered":"\n<p>&gt;Stand 03\/23&lt;<\/p>\n\n\n\n<p>Hallo liebe Freunde der Slot Lions Abstatt!<\/p>\n\n\n\n<p>Da auch wir &#8220;OPFER&#8221; der Corona Pandemie geworden sind, haben wir jetzt schon \u00fcber 2 Jahre die Bahn und den Clubbetrieb ausgesetzt. Ja und wir haben \u00fcberlebt! <\/p>\n\n\n\n<p>Einzig vereinzelt haben wir die Bahn, Beleuchtung einer Revision unterzogen und sind noch immer dabei, und haben noch ein zus\u00e4tzliches Heizungssystem im Bahnraum installiert.  <\/p>\n\n\n\n<p>Hier geht mein besonderer Dank an Luca, Thomas und Marci f\u00fcr die Unterst\u00fctzung!<\/p>\n\n\n\n<p>Jetzt wird es aber endlich wieder Zeit die Bahn zu nutzen, sich mit Freunden zu treffen, wieder Benzingespr\u00e4che zu f\u00fchren und Spa\u00df zu haben. <\/p>\n\n\n\n<p>Da ab sofort keine Ma\u00dfnahmen mehr gelten, und kein Hygienekonzept mehr notwendig ist,  gilt wie fr\u00fcher \u201eVOLLGAS F\u00dcR ALLE\u201c \ud83d\ude1c<\/p>\n\n\n\n<p>Termine und \u00d6ffnungstage  findet Ihr online im Clubkalender (ganz unten auf der Seite)<\/p>\n\n\n\n<p>Bei uns z\u00e4hlt weiterhin 1G = gesund!!! Egal welche Krankheit \ud83d\ude09 <br>Und bleibt bitte zuhause wenn Ihr nen Rotz oder sonstiges ansteckendes habt!! <\/p>\n\n\n\n<p>Des weiteren wird es bei uns weiterhin eine &#8220;Spenden&#8221; Kasse zu Gunsten Krebs- und Herzkranker Kinder f\u00fcr die Rehaklinik Katharinenh\u00f6he in Sch\u00f6nwald geben.<\/p>\n\n\n\n<p>Gerne k\u00f6nnt Ihr nat\u00fcrlich auch selbst unabh\u00e4ngig Spenden an diese wundervolle Einrichtung rund um den Klinikleiter Herr Maier mit seinem Team t\u00e4tigen!  <\/p>\n\n\n\n<p class=\"has-text-align-center\"><a rel=\"noreferrer noopener\" href=\"https:\/\/www.katharinenhoehe.de\/\" data-type=\"URL\" data-id=\"https:\/\/www.katharinenhoehe.de\/\" target=\"_blank\">&gt;&gt; Katharinenh\u00f6he &lt;&lt;<\/a><\/p>\n\n\n\n<p class=\"has-text-align-center has-large-font-size\">       ALSO LEUTE!         <br>JETZT HEIST ES ENDLICH WIEDER!!!<\/p>\n\n\n\n<p class=\"has-text-align-center has-x-large-font-size\"><strong>BACK ON TRACK!<\/strong><\/p>\n\n\n\n<figure class=\"wp-block-image size-large is-style-rounded\"><a href=\"http:\/\/www2.slot-lions-abstatt.de\/wordpress\/wp-content\/uploads\/2022\/02\/d1cf36b0-6022-4f20-8814-35c21a3011c0.jpg\"><img loading=\"lazy\" decoding=\"async\" width=\"1024\" height=\"576\" src=\"http:\/\/www2.slot-lions-abstatt.de\/wordpress\/wp-content\/uploads\/2022\/02\/d1cf36b0-6022-4f20-8814-35c21a3011c0-1024x576.jpg\" alt=\"\" class=\"wp-image-440\" srcset=\"http:\/\/www2.slot-lions-abstatt.de\/wordpress\/wp-content\/uploads\/2022\/02\/d1cf36b0-6022-4f20-8814-35c21a3011c0-1024x576.jpg 1024w, http:\/\/www2.slot-lions-abstatt.de\/wordpress\/wp-content\/uploads\/2022\/02\/d1cf36b0-6022-4f20-8814-35c21a3011c0-300x169.jpg 300w, http:\/\/www2.slot-lions-abstatt.de\/wordpress\/wp-content\/uploads\/2022\/02\/d1cf36b0-6022-4f20-8814-35c21a3011c0-768x432.jpg 768w, http:\/\/www2.slot-lions-abstatt.de\/wordpress\/wp-content\/uploads\/2022\/02\/d1cf36b0-6022-4f20-8814-35c21a3011c0-1536x864.jpg 1536w, http:\/\/www2.slot-lions-abstatt.de\/wordpress\/wp-content\/uploads\/2022\/02\/d1cf36b0-6022-4f20-8814-35c21a3011c0.jpg 1600w\" sizes=\"auto, (max-width: 1024px) 100vw, 1024px\" \/><\/a><\/figure>\n\n\n\n<figure class=\"wp-block-image size-large is-style-rounded\"><a href=\"http:\/\/www2.slot-lions-abstatt.de\/wordpress\/wp-content\/uploads\/2022\/02\/09e85b07-8bad-43db-80f2-a74c7c1b84df.jpg\"><img loading=\"lazy\" decoding=\"async\" width=\"1024\" height=\"576\" src=\"http:\/\/www2.slot-lions-abstatt.de\/wordpress\/wp-content\/uploads\/2022\/02\/09e85b07-8bad-43db-80f2-a74c7c1b84df-1024x576.jpg\" alt=\"\" class=\"wp-image-441\" srcset=\"http:\/\/www2.slot-lions-abstatt.de\/wordpress\/wp-content\/uploads\/2022\/02\/09e85b07-8bad-43db-80f2-a74c7c1b84df-1024x576.jpg 1024w, http:\/\/www2.slot-lions-abstatt.de\/wordpress\/wp-content\/uploads\/2022\/02\/09e85b07-8bad-43db-80f2-a74c7c1b84df-300x169.jpg 300w, http:\/\/www2.slot-lions-abstatt.de\/wordpress\/wp-content\/uploads\/2022\/02\/09e85b07-8bad-43db-80f2-a74c7c1b84df-768x432.jpg 768w, http:\/\/www2.slot-lions-abstatt.de\/wordpress\/wp-content\/uploads\/2022\/02\/09e85b07-8bad-43db-80f2-a74c7c1b84df-1536x864.jpg 1536w, http:\/\/www2.slot-lions-abstatt.de\/wordpress\/wp-content\/uploads\/2022\/02\/09e85b07-8bad-43db-80f2-a74c7c1b84df.jpg 1600w\" sizes=\"auto, (max-width: 1024px) 100vw, 1024px\" \/><\/a><\/figure>\n\n\n\n<figure class=\"wp-block-image size-large is-style-rounded\"><a href=\"http:\/\/www2.slot-lions-abstatt.de\/wordpress\/wp-content\/uploads\/2022\/02\/19dcd804-0464-4c29-8c1b-46fc973ae481.jpg\"><img loading=\"lazy\" decoding=\"async\" width=\"1024\" height=\"576\" src=\"http:\/\/www2.slot-lions-abstatt.de\/wordpress\/wp-content\/uploads\/2022\/02\/19dcd804-0464-4c29-8c1b-46fc973ae481-1024x576.jpg\" alt=\"\" class=\"wp-image-442\" srcset=\"http:\/\/www2.slot-lions-abstatt.de\/wordpress\/wp-content\/uploads\/2022\/02\/19dcd804-0464-4c29-8c1b-46fc973ae481-1024x576.jpg 1024w, http:\/\/www2.slot-lions-abstatt.de\/wordpress\/wp-content\/uploads\/2022\/02\/19dcd804-0464-4c29-8c1b-46fc973ae481-300x169.jpg 300w, http:\/\/www2.slot-lions-abstatt.de\/wordpress\/wp-content\/uploads\/2022\/02\/19dcd804-0464-4c29-8c1b-46fc973ae481-768x432.jpg 768w, http:\/\/www2.slot-lions-abstatt.de\/wordpress\/wp-content\/uploads\/2022\/02\/19dcd804-0464-4c29-8c1b-46fc973ae481-1536x864.jpg 1536w, http:\/\/www2.slot-lions-abstatt.de\/wordpress\/wp-content\/uploads\/2022\/02\/19dcd804-0464-4c29-8c1b-46fc973ae481.jpg 1600w\" sizes=\"auto, (max-width: 1024px) 100vw, 1024px\" \/><\/a><\/figure>\n\n\n\n<figure class=\"wp-block-image size-large is-style-rounded\"><a href=\"http:\/\/www2.slot-lions-abstatt.de\/wordpress\/wp-content\/uploads\/2022\/02\/b0147a3d-3fae-48b5-ad52-fa4b961dc438.jpg\"><img loading=\"lazy\" decoding=\"async\" width=\"1024\" height=\"576\" src=\"http:\/\/www2.slot-lions-abstatt.de\/wordpress\/wp-content\/uploads\/2022\/02\/b0147a3d-3fae-48b5-ad52-fa4b961dc438-1024x576.jpg\" alt=\"\" class=\"wp-image-443\" srcset=\"http:\/\/www2.slot-lions-abstatt.de\/wordpress\/wp-content\/uploads\/2022\/02\/b0147a3d-3fae-48b5-ad52-fa4b961dc438-1024x576.jpg 1024w, http:\/\/www2.slot-lions-abstatt.de\/wordpress\/wp-content\/uploads\/2022\/02\/b0147a3d-3fae-48b5-ad52-fa4b961dc438-300x169.jpg 300w, http:\/\/www2.slot-lions-abstatt.de\/wordpress\/wp-content\/uploads\/2022\/02\/b0147a3d-3fae-48b5-ad52-fa4b961dc438-768x432.jpg 768w, http:\/\/www2.slot-lions-abstatt.de\/wordpress\/wp-content\/uploads\/2022\/02\/b0147a3d-3fae-48b5-ad52-fa4b961dc438-1536x864.jpg 1536w, http:\/\/www2.slot-lions-abstatt.de\/wordpress\/wp-content\/uploads\/2022\/02\/b0147a3d-3fae-48b5-ad52-fa4b961dc438.jpg 1600w\" sizes=\"auto, (max-width: 1024px) 100vw, 1024px\" \/><\/a><figcaption class=\"wp-element-caption\">Gro\u00dfputz der Bahn fast abgeschlossen!<\/figcaption><\/figure>\n","protected":false},"excerpt":{"rendered":"<p>&gt;Stand 03\/23&lt; Hallo liebe Freunde der Slot Lions Abstatt! Da auch wir &#8220;OPFER&#8221; der Corona Pandemie geworden sind, haben wir jetzt schon \u00fcber 2 Jahre die Bahn und den Clubbetrieb &hellip; <a href=\"http:\/\/www2.slot-lions-abstatt.de\/wordpress\/?page_id=439\" class=\"more-link\"><span class=\"screen-reader-text\">Back on Track!<\/span> weiterlesen <span class=\"meta-nav\">&rarr;<\/span><\/a><\/p>\n","protected":false},"author":1,"featured_media":0,"parent":12,"menu_order":1,"comment_status":"closed","ping_status":"closed","template":"","meta":{"footnotes":""},"class_list":["post-439","page","type-page","status-publish","hentry"],"_links":{"self":[{"href":"http:\/\/www2.slot-lions-abstatt.de\/wordpress\/index.php?rest_route=\/wp\/v2\/pages\/439","targetHints":{"allow":["GET"]}}],"collection":[{"href":"http:\/\/www2.slot-lions-abstatt.de\/wordpress\/index.php?rest_route=\/wp\/v2\/pages"}],"about":[{"href":"http:\/\/www2.slot-lions-abstatt.de\/wordpress\/index.php?rest_route=\/wp\/v2\/types\/page"}],"author":[{"embeddable":true,"href":"http:\/\/www2.slot-lions-abstatt.de\/wordpress\/index.php?rest_route=\/wp\/v2\/users\/1"}],"replies":[{"embeddable":true,"href":"http:\/\/www2.slot-lions-abstatt.de\/wordpress\/index.php?rest_route=%2Fwp%2Fv2%2Fcomments&post=439"}],"version-history":[{"count":10,"href":"http:\/\/www2.slot-lions-abstatt.de\/wordpress\/index.php?rest_route=\/wp\/v2\/pages\/439\/revisions"}],"predecessor-version":[{"id":499,"href":"http:\/\/www2.slot-lions-abstatt.de\/wordpress\/index.php?rest_route=\/wp\/v2\/pages\/439\/revisions\/499"}],"up":[{"embeddable":true,"href":"http:\/\/www2.slot-lions-abstatt.de\/wordpress\/index.php?rest_route=\/wp\/v2\/pages\/12"}],"wp:attachment":[{"href":"http:\/\/www2.slot-lions-abstatt.de\/wordpress\/index.php?rest_route=%2Fwp%2Fv2%2Fmedia&parent=439"}],"curies":[{"name":"wp","href":"https:\/\/api.w.org\/{rel}","templated":true}]}}